{"id":25164,"date":"2026-08-27T16:19:23","date_gmt":"2026-08-27T19:19:23","guid":{"rendered":"https:\/\/gvinmobiliaria.com\/?post_type=property&#038;p=25164"},"modified":"2026-09-03T16:08:18","modified_gmt":"2026-09-03T19:08:18","slug":"impecable-ph-merlo-san-luis","status":"publish","type":"property","link":"https:\/\/gvinmobiliaria.com\/ar\/propiedades\/impecable-ph-merlo-san-luis\/","title":{"rendered":"IMPECABLE PH &#8211; MERLO &#8211; SAN LUIS"},"content":{"rendered":"<p>Te presentamos este precioso PH de dos plantas, una propiedad que se destaca por su estilo moderno, su elegancia y la excelente calidad de sus terminaciones. Con apenas un a\u00f1o de antig\u00fcedad, se encuentra en impecable estado y ha sido dise\u00f1ado para ofrecer espacios c\u00f3modos, luminosos y funcionales, cuidando especialmente cada detalle.<\/p>\n<p>Al ingresar a la propiedad nos encontramos con un luminoso living-comedor, un ambiente agradable y de buenas dimensiones que se integra de manera armoniosa con una cocina moderna e industrial, aportando tanto funcionalidad como un toque distintivo al ambiente. En esta planta tambi\u00e9n encontramos un toilette y un pr\u00e1ctico lavadero externo.<br \/>\nLa planta alta est\u00e1 destinada al descanso y cuenta con dos dormitorios, ambos con placard, y un ba\u00f1o completo. Los ambientes mantienen la est\u00e9tica moderna y elegante de toda la propiedad, con espacios luminosos y una distribuci\u00f3n que aprovecha muy bien cada metro cuadrado.<br \/>\nEn el exterior, la propiedad cuenta con un c\u00f3modo sector de asador, ideal para disfrutar de reuniones y momentos al aire libre, adem\u00e1s de una cochera con capacidad para un veh\u00edculo. Un espacio que complementa perfectamente la vivienda y suma comodidad para el d\u00eda a d\u00eda.<br \/>\nLa calidad se percibe en cada rinc\u00f3n, con pisos de porcelanato, grifer\u00edas y sanitarios de primera l\u00ednea y gas natural. La elecci\u00f3n de los materiales y sus terminaciones le dan a la propiedad una est\u00e9tica cuidada, moderna y sofisticada, logrando un ambiente que transmite calidad y confort.<br \/>\nCon 73 m\u00b2 construidos sobre un terreno de 240 m\u00b2, y ubicada a tan solo 10 cuadras del centro, una ubicaci\u00f3n que permite disfrutar de la tranquilidad sin alejarse de la comodidad del centro.<\/p>\n<p>Una propiedad realmente encantadora, de esas que enamoran a primera vista. Moderna, luminosa, elegante y con una est\u00e9tica que parece salida de Pinterest, pensada para quienes valoran los detalles y buscan un lugar especial para vivir.<\/p>\n<p><span style=\"color: #993366\"><em><strong>Gisela VAVA<\/strong><\/em><\/span><br \/>\n<span style=\"color: #993366\"><em><strong>Martillera P\u00fablica M.P. 764<\/strong><\/em><\/span><br \/>\n<span style=\"color: #993366\"><em><strong>CMCPSL<\/strong><\/em><\/span><\/p>","protected":false},"excerpt":{"rendered":"<p>Te presentamos este precioso PH de dos plantas, una propiedad que se destaca por su estilo moderno, su elegancia y la excelente calidad de sus terminaciones. Con apenas un a\u00f1o de antig\u00fcedad, se encuentra en impecable estado y ha sido dise\u00f1ado para ofrecer espacios c\u00f3modos, luminosos y funcionales, cuidando especialmente cada detalle. Al ingresar a [&hellip;]<\/p>\n","protected":false},"author":2,"featured_media":25208,"parent":0,"menu_order":0,"template":"","property_type":[115],"property_status":[31],"property_feature":[264,256,13,247,272,274,257,81,259,28,262,94,106],"property_label":[181],"property_city":[311],"property_area":[],"class_list":["post-25164","property","type-property","status-publish","has-post-thumbnail","hentry","property_type-unidad-funcional-ph","property_status-en-venta","property_feature-aberturas-dvh","property_feature-agua","property_feature-aire-acondicionado","property_feature-asador","property_feature-black-out","property_feature-calefaccion","property_feature-electricidad-servicios","property_feature-garage-techado","property_feature-gas-natural-servicios","property_feature-lavadero","property_feature-residencial","property_feature-vereda","property_feature-zona-wi-fi","property_label-enamorate","property_city-merlo"],"property_meta":{"_edit_lock":["1787856375:2"],"_edit_last":["2"],"fave_property_map":["1"],"fave_property_location":["-32.3547150,-65.0056383"],"houzez_geolocation_lat":["-32.3547150"],"houzez_geolocation_long":["-65.0056383"],"fave_property_map_street_view":[""],"fave_featured":["1"],"houzez_featured_listing_date":["2026-09-03 16:05:58"],"fave_loggedintoview":["0"],"fave_agent_display_option":["author_info"],"fave_prop_homeslider":["no"],"fave_single_top_area":["global"],"fave_single_content_area":["global"],"houzez_manual_expire":["0"],"_houzez_expiration_date_status":["saved"],"fave_property_price":["139000"],"fave_property_price_postfix":[""],"fave_property_price_prefix":["U$s"],"fave_property_sec_price":[""],"fave_property_size":["73"],"fave_property_size_prefix":[""],"fave_property_land":["240"],"fave_property_land_postfix":[""],"fave_property_bedrooms":["2"],"fave_property_bathrooms":["2"],"fave_property_garage":[""],"fave_property_garage_size":[""],"fave_virtual_tour":[""],"fave_property_year":[""],"fave_property_id":["mer117"],"fave_video_url":[""],"fave_property_zip":["5881"],"additional_features":[""],"floor_plans":[""],"fave_multi_units":[""],"fave_private_note":[""],"fave_property_disclaimer":[""],"fave_payment_status":[""],"fave_property_map_address":["Las Acacias"],"fave_property_address":["Las Acacias"],"houzez_total_property_views":["29"],"houzez_views_by_date":["a:7:{s:10:\"08-27-2026\";i:1;s:10:\"08-28-2026\";i:2;s:10:\"08-29-2026\";i:4;s:10:\"08-31-2026\";i:1;s:10:\"09-02-2026\";i:2;s:10:\"09-03-2026\";i:8;s:10:\"09-04-2026\";i:11;}"],"houzez_recently_viewed":["2026-09-04 03:36:35"],"fave_property_images":["25208","25207","25170","25169","25171","25168","25167","25166","25214","25212","25213","25209","25210","25211","25172","25173","25174","25175","25176","25177","25178","25179","25180","25181","25182","25183","25184","25185","25186","25187","25188","25189","25190","25191","25192","25193","25194","25195","25196","25197","25203","25198","25199","25200","25201","25202","25204","25205","25206"],"_thumbnail_id":["25208"]},"_links":{"self":[{"href":"https:\/\/gvinmobiliaria.com\/ar\/wp-json\/wp\/v2\/properties\/25164","targetHints":{"allow":["GET"]}}],"collection":[{"href":"https:\/\/gvinmobiliaria.com\/ar\/wp-json\/wp\/v2\/properties"}],"about":[{"href":"https:\/\/gvinmobiliaria.com\/ar\/wp-json\/wp\/v2\/types\/property"}],"author":[{"embeddable":true,"href":"https:\/\/gvinmobiliaria.com\/ar\/wp-json\/wp\/v2\/users\/2"}],"version-history":[{"count":3,"href":"https:\/\/gvinmobiliaria.com\/ar\/wp-json\/wp\/v2\/properties\/25164\/revisions"}],"predecessor-version":[{"id":25216,"href":"https:\/\/gvinmobiliaria.com\/ar\/wp-json\/wp\/v2\/properties\/25164\/revisions\/25216"}],"wp:featuredmedia":[{"embeddable":true,"href":"https:\/\/gvinmobiliaria.com\/ar\/wp-json\/wp\/v2\/media\/25208"}],"wp:attachment":[{"href":"https:\/\/gvinmobiliaria.com\/ar\/wp-json\/wp\/v2\/media?parent=25164"}],"wp:term":[{"taxonomy":"property_type","embeddable":true,"href":"https:\/\/gvinmobiliaria.com\/ar\/wp-json\/wp\/v2\/property_type?post=25164"},{"taxonomy":"property_status","embeddable":true,"href":"https:\/\/gvinmobiliaria.com\/ar\/wp-json\/wp\/v2\/property_status?post=25164"},{"taxonomy":"property_feature","embeddable":true,"href":"https:\/\/gvinmobiliaria.com\/ar\/wp-json\/wp\/v2\/property_feature?post=25164"},{"taxonomy":"property_label","embeddable":true,"href":"https:\/\/gvinmobiliaria.com\/ar\/wp-json\/wp\/v2\/property_label?post=25164"},{"taxonomy":"property_city","embeddable":true,"href":"https:\/\/gvinmobiliaria.com\/ar\/wp-json\/wp\/v2\/property_city?post=25164"},{"taxonomy":"property_area","embeddable":true,"href":"https:\/\/gvinmobiliaria.com\/ar\/wp-json\/wp\/v2\/property_area?post=25164"}],"curies":[{"name":"wp","href":"https:\/\/api.w.org\/{rel}","templated":true}]}}

<p>Te presentamos este precioso PH de dos plantas, una propiedad que se destaca por su estilo moderno, su elegancia y la excelente calidad de sus terminaciones. Con apenas un año de antigüedad, se encuentra en impecable estado y ha sido diseñado para ofrecer espacios cómodos, luminosos y funcionales, cuidando especialmente cada detalle.</p>
<p>Al ingresar a la propiedad nos encontramos con un luminoso living-comedor, un ambiente agradable y de buenas dimensiones que se integra de manera armoniosa con una cocina moderna e industrial, aportando tanto funcionalidad como un toque distintivo al ambiente. En esta planta también encontramos un toilette y un práctico lavadero externo.<br />
La planta alta está destinada al descanso y cuenta con dos dormitorios, ambos con placard, y un baño completo. Los ambientes mantienen la estética moderna y elegante de toda la propiedad, con espacios luminosos y una distribución que aprovecha muy bien cada metro cuadrado.<br />
En el exterior, la propiedad cuenta con un cómodo sector de asador, ideal para disfrutar de reuniones y momentos al aire libre, además de una cochera con capacidad para un vehículo. Un espacio que complementa perfectamente la vivienda y suma comodidad para el día a día.<br />
La calidad se percibe en cada rincón, con pisos de porcelanato, griferías y sanitarios de primera línea y gas natural. La elección de los materiales y sus terminaciones le dan a la propiedad una estética cuidada, moderna y sofisticada, logrando un ambiente que transmite calidad y confort.<br />
Con 73 m² construidos sobre un terreno de 240 m², y ubicada a tan solo 10 cuadras del centro, una ubicación que permite disfrutar de la tranquilidad sin alejarse de la comodidad del centro.</p>
<p>Una propiedad realmente encantadora, de esas que enamoran a primera vista. Moderna, luminosa, elegante y con una estética que parece salida de Pinterest, pensada para quienes valoran los detalles y buscan un lugar especial para vivir.</p>
<p><span style="color: #993366"><em><strong>Gisela VAVA</strong></em></span><br />
<span style="color: #993366"><em><strong>Martillera Pública M.P. 764</strong></em></span><br />
<span style="color: #993366"><em><strong>CMCPSL</strong></em></span></p>

<p>Te presentamos este precioso PH de dos plantas, una propiedad que se destaca por su estilo moderno, su elegancia y la excelente calidad de sus terminaciones. Con apenas un año de antigüedad, se encuentra en impecable estado y ha sido diseñado para ofrecer espacios cómodos, luminosos y funcionales, cuidando especialmente cada detalle. Al ingresar a [&hellip;]</p>
